{"id":642,"date":"2018-05-25T19:01:51","date_gmt":"2018-05-25T19:01:51","guid":{"rendered":"https:\/\/www.oceanum.es\/?page_id=642"},"modified":"2018-06-25T15:44:19","modified_gmt":"2018-06-25T15:44:19","slug":"workshop","status":"publish","type":"page","link":"https:\/\/www.oceanum.es\/?page_id=642","title":{"rendered":"Workshop"},"content":{"rendered":"<p><span style=\"color: #800000;\"><em><strong>WORKSHOP BUCEO EN CONFIGURACI\u00d3N HOGARTIANA<\/strong><\/em><\/span><\/p>\n<p><img fetchpriority=\"high\" decoding=\"async\" class=\"alignright wp-image-1029\" src=\"https:\/\/www.oceanum.es\/wp-content\/uploads\/2018\/06\/st2-300x191.gif\" alt=\"\" width=\"284\" height=\"180\" \/>Podr\u00e1s conocer en que consiste el buceo utilizando el sistema Hogartiano, aclarando los conceptos relacionados con la equipaci\u00f3n utilizada, procedimientos de inmersi\u00f3n, concepto de equipo, configuraci\u00f3n, destrezas acu\u00e1ticas, importancia de la planificaci\u00f3n eficiente de la inmersi\u00f3n, filosof\u00eda del sistema, selecci\u00f3n de mezclas y descompresi\u00f3n<\/p>\n<p>Duraci\u00f3n: un d\u00eda<\/p>\n<p><span style=\"color: #800000;\"><em><strong>WORKSHOP BIBOTELLA<\/strong><\/em><\/span><\/p>\n<p><img decoding=\"async\" class=\"alignright wp-image-1030\" src=\"https:\/\/www.oceanum.es\/wp-content\/uploads\/2018\/06\/st4-300x149.gif\" alt=\"\" width=\"286\" height=\"142\" srcset=\"https:\/\/www.oceanum.es\/wp-content\/uploads\/2018\/06\/st4-300x149.gif 300w, https:\/\/www.oceanum.es\/wp-content\/uploads\/2018\/06\/st4-400x199.gif 400w\" sizes=\"(max-width: 286px) 100vw, 286px\" \/>Este programa est\u00e1 dise\u00f1ado para introducir al buceo y la gesti\u00f3n de un bibotella en configuraci\u00f3n Hogartiana.<\/p>\n<p>Incluye: el montaje del bibotella, peso adecuado, colocaci\u00f3n de los latiguillos, posibles fallos y procedimientos de emergencia y protocolos de equipo en situaciones de emergencia.<\/p>\n<p>Este programa da cr\u00e9ditos para el\u00a0 Advanced Recreational Trimix.<\/p>\n<p>Duraci\u00f3n: un d\u00eda<\/p>\n<p><span style=\"color: #800000;\"><em><strong>WORKSHOP ETAPA\/DECO<\/strong><\/em><\/span><\/p>\n<p><img decoding=\"async\" class=\"alignright wp-image-1031\" src=\"https:\/\/www.oceanum.es\/wp-content\/uploads\/2018\/06\/etapa_deco-224x300.jpg\" alt=\"\" width=\"193\" height=\"258\" srcset=\"https:\/\/www.oceanum.es\/wp-content\/uploads\/2018\/06\/etapa_deco-224x300.jpg 224w, https:\/\/www.oceanum.es\/wp-content\/uploads\/2018\/06\/etapa_deco.jpg 598w\" sizes=\"(max-width: 193px) 100vw, 193px\" \/>Esta dise\u00f1ado para introducir en la utilizaci\u00f3n y manipulaci\u00f3n de las botellas de etapa de fondo y botellas de deco para la descompresi\u00f3n acelerada.<\/p>\n<p>Durante el programa se abordan temas como \u00bfqu\u00e9 es una botella de etapa y una botella deco?<\/p>\n<p>Manipulaci\u00f3n de la botella de etapa\/deco, marcado de las botellas de etapa\/deco, el buceo con botella de etapa\/deco, y manejo de gas.<\/p>\n<p>Este programa da cr\u00e9dito para el programa Advanced Recreational Trimix.<\/p>\n<p>Duraci\u00f3n: un d\u00eda<\/p>\n<p><span style=\"color: #800000;\"><em><strong>WORKSHOP HILO<\/strong><\/em><\/span><\/p>\n<p><img loading=\"lazy\" decoding=\"async\" class=\"alignright wp-image-1032\" src=\"https:\/\/www.oceanum.es\/wp-content\/uploads\/2018\/06\/carrete4-300x225.jpg\" alt=\"\" width=\"233\" height=\"175\" srcset=\"https:\/\/www.oceanum.es\/wp-content\/uploads\/2018\/06\/carrete4-300x225.jpg 300w, https:\/\/www.oceanum.es\/wp-content\/uploads\/2018\/06\/carrete4-600x450.jpg 600w, https:\/\/www.oceanum.es\/wp-content\/uploads\/2018\/06\/carrete4-768x576.jpg 768w, https:\/\/www.oceanum.es\/wp-content\/uploads\/2018\/06\/carrete4.jpg 800w, https:\/\/www.oceanum.es\/wp-content\/uploads\/2018\/06\/carrete4-400x300.jpg 400w\" sizes=\"(max-width: 233px) 100vw, 233px\" \/>Este programa est\u00e1 dise\u00f1ado para introducir en el uso, manejo del carrete principal, as\u00ed como el desplegado, recuperaci\u00f3n de la l\u00ednea y otros protocolos relacionados con el trabajo de l\u00ednea.<\/p>\n<p>Este programa da cr\u00e9dito para los programas de Entornos cerrados.<\/p>\n<p>Duraci\u00f3n: un d\u00eda<\/p>\n<p><span style=\"color: #800000;\"><em><strong>WORKSHOP LUCES<\/strong><\/em><\/span><\/p>\n<p><img loading=\"lazy\" decoding=\"async\" class=\"alignright wp-image-1033\" src=\"https:\/\/www.oceanum.es\/wp-content\/uploads\/2018\/06\/TECI.jpg\" alt=\"\" width=\"180\" height=\"186\" srcset=\"https:\/\/www.oceanum.es\/wp-content\/uploads\/2018\/06\/TECI.jpg 250w, https:\/\/www.oceanum.es\/wp-content\/uploads\/2018\/06\/TECI-50x52.jpg 50w\" sizes=\"(max-width: 180px) 100vw, 180px\" \/>Este seminario est\u00e1 dise\u00f1ado para introducir en el uso, manejo de la luz primaria y las linternas de backup, as\u00ed como otros protocolos relacionados con el uso de luces.<\/p>\n<p>Este programa da cr\u00e9dito para los programas de buceo m\u00e1s avanzado.<\/p>\n<p>Duraci\u00f3n: un d\u00eda<\/p>\n<p><a href=\"https:\/\/www.oceanum.es\/?page_id=422\"><img loading=\"lazy\" decoding=\"async\" class=\"alignright\" src=\"https:\/\/www.oceanum.es\/wp-content\/uploads\/2018\/06\/flecha2.gif\" alt=\"\" width=\"43\" height=\"32\" \/><\/a><\/p>\n","protected":false},"excerpt":{"rendered":"<p>WORKSHOP BUCEO EN CONFIGURACI\u00d3N HOGARTIANA Podr\u00e1s conocer en que consiste el buceo utilizando el sistema Hogartiano, aclarando los conceptos relacionados con la equipaci\u00f3n utilizada, procedimientos de inmersi\u00f3n, concepto de equipo, configuraci\u00f3n, destrezas acu\u00e1ticas, importancia de la planificaci\u00f3n eficiente de la inmersi\u00f3n, filosof\u00eda del sistema, selecci\u00f3n de mezclas y descompresi\u00f3n Duraci\u00f3n: un d\u00eda WORKSHOP BIBOTELLA Este programa est\u00e1 dise\u00f1ado para introducir al buceo y la gesti\u00f3n de un bibotella en configuraci\u00f3n<\/p>\n<p><a class=\"more-link\" href=\"https:\/\/www.oceanum.es\/?page_id=642\">Leer m\u00e1s<\/a><\/p>\n","protected":false},"author":1,"featured_media":0,"parent":0,"menu_order":0,"comment_status":"closed","ping_status":"closed","template":"","meta":{"footnotes":""},"class_list":["post-642","page","type-page","status-publish","hentry"],"yoast_head":"<title>Workshop - Oceanum Diving Experiences<\/title>\n<meta name=\"robots\" content=\"index, follow, max-snippet:-1, max-image-preview:large, max-video-preview:-1\" \/>\n<link rel=\"canonical\" href=\"https:\/\/www.oceanum.es\/?page_id=642\" \/>\n<meta property=\"og:locale\" content=\"es_ES\" \/>\n<meta property=\"og:type\" content=\"article\" \/>\n<meta property=\"og:title\" content=\"Workshop - Oceanum Diving Experiences\" \/>\n<meta property=\"og:description\" content=\"WORKSHOP BUCEO EN CONFIGURACI\u00d3N HOGARTIANA Podr\u00e1s conocer en que consiste el buceo utilizando el sistema Hogartiano, aclarando los conceptos relacionados con la equipaci\u00f3n utilizada, procedimientos de inmersi\u00f3n, concepto de equipo, configuraci\u00f3n, destrezas acu\u00e1ticas, importancia de la planificaci\u00f3n eficiente de la inmersi\u00f3n, filosof\u00eda del sistema, selecci\u00f3n de mezclas y descompresi\u00f3n Duraci\u00f3n: un d\u00eda WORKSHOP BIBOTELLA Este programa est\u00e1 dise\u00f1ado para introducir al buceo y la gesti\u00f3n de un bibotella en configuraci\u00f3nLeer m\u00e1s\" \/>\n<meta property=\"og:url\" content=\"https:\/\/www.oceanum.es\/?page_id=642\" \/>\n<meta property=\"og:site_name\" content=\"Oceanum Diving Experiences\" \/>\n<meta property=\"article:publisher\" content=\"https:\/\/www.facebook.com\/OceanumDiving\/\" \/>\n<meta property=\"article:modified_time\" content=\"2018-06-25T15:44:19+00:00\" \/>\n<meta property=\"og:image\" content=\"https:\/\/www.oceanum.es\/wp-content\/uploads\/2018\/06\/st2-300x191.gif\" \/>\n<meta name=\"twitter:card\" content=\"summary_large_image\" \/>\n<meta name=\"twitter:site\" content=\"@OceanumDiving\" \/>\n<meta name=\"twitter:label1\" content=\"Tiempo de lectura\" \/>\n\t<meta name=\"twitter:data1\" content=\"2 minutos\" \/>\n<script type=\"application\/ld+json\" class=\"yoast-schema-graph\">{\"@context\":\"https:\\\/\\\/schema.org\",\"@graph\":[{\"@type\":\"WebPage\",\"@id\":\"https:\\\/\\\/www.oceanum.es\\\/?page_id=642\",\"url\":\"https:\\\/\\\/www.oceanum.es\\\/?page_id=642\",\"name\":\"Workshop - Oceanum Diving Experiences\",\"isPartOf\":{\"@id\":\"https:\\\/\\\/www.oceanum.es\\\/#website\"},\"primaryImageOfPage\":{\"@id\":\"https:\\\/\\\/www.oceanum.es\\\/?page_id=642#primaryimage\"},\"image\":{\"@id\":\"https:\\\/\\\/www.oceanum.es\\\/?page_id=642#primaryimage\"},\"thumbnailUrl\":\"https:\\\/\\\/www.oceanum.es\\\/wp-content\\\/uploads\\\/2018\\\/06\\\/st2-300x191.gif\",\"datePublished\":\"2018-05-25T19:01:51+00:00\",\"dateModified\":\"2018-06-25T15:44:19+00:00\",\"breadcrumb\":{\"@id\":\"https:\\\/\\\/www.oceanum.es\\\/?page_id=642#breadcrumb\"},\"inLanguage\":\"es\",\"potentialAction\":[{\"@type\":\"ReadAction\",\"target\":[\"https:\\\/\\\/www.oceanum.es\\\/?page_id=642\"]}]},{\"@type\":\"ImageObject\",\"inLanguage\":\"es\",\"@id\":\"https:\\\/\\\/www.oceanum.es\\\/?page_id=642#primaryimage\",\"url\":\"https:\\\/\\\/www.oceanum.es\\\/wp-content\\\/uploads\\\/2018\\\/06\\\/st2.gif\",\"contentUrl\":\"https:\\\/\\\/www.oceanum.es\\\/wp-content\\\/uploads\\\/2018\\\/06\\\/st2.gif\",\"width\":300,\"height\":191},{\"@type\":\"BreadcrumbList\",\"@id\":\"https:\\\/\\\/www.oceanum.es\\\/?page_id=642#breadcrumb\",\"itemListElement\":[{\"@type\":\"ListItem\",\"position\":1,\"name\":\"Portada\",\"item\":\"https:\\\/\\\/www.oceanum.es\\\/\"},{\"@type\":\"ListItem\",\"position\":2,\"name\":\"Workshop\"}]},{\"@type\":\"WebSite\",\"@id\":\"https:\\\/\\\/www.oceanum.es\\\/#website\",\"url\":\"https:\\\/\\\/www.oceanum.es\\\/\",\"name\":\"Oceanum Diving Experiences\",\"description\":\"Otra forma de Bucear\",\"potentialAction\":[{\"@type\":\"SearchAction\",\"target\":{\"@type\":\"EntryPoint\",\"urlTemplate\":\"https:\\\/\\\/www.oceanum.es\\\/?s={search_term_string}\"},\"query-input\":{\"@type\":\"PropertyValueSpecification\",\"valueRequired\":true,\"valueName\":\"search_term_string\"}}],\"inLanguage\":\"es\"}]}<\/script>","yoast_head_json":{"title":"Workshop - Oceanum Diving Experiences","robots":{"index":"index","follow":"follow","max-snippet":"max-snippet:-1","max-image-preview":"max-image-preview:large","max-video-preview":"max-video-preview:-1"},"canonical":"https:\/\/www.oceanum.es\/?page_id=642","og_locale":"es_ES","og_type":"article","og_title":"Workshop - Oceanum Diving Experiences","og_description":"WORKSHOP BUCEO EN CONFIGURACI\u00d3N HOGARTIANA Podr\u00e1s conocer en que consiste el buceo utilizando el sistema Hogartiano, aclarando los conceptos relacionados con la equipaci\u00f3n utilizada, procedimientos de inmersi\u00f3n, concepto de equipo, configuraci\u00f3n, destrezas acu\u00e1ticas, importancia de la planificaci\u00f3n eficiente de la inmersi\u00f3n, filosof\u00eda del sistema, selecci\u00f3n de mezclas y descompresi\u00f3n Duraci\u00f3n: un d\u00eda WORKSHOP BIBOTELLA Este programa est\u00e1 dise\u00f1ado para introducir al buceo y la gesti\u00f3n de un bibotella en configuraci\u00f3nLeer m\u00e1s","og_url":"https:\/\/www.oceanum.es\/?page_id=642","og_site_name":"Oceanum Diving Experiences","article_publisher":"https:\/\/www.facebook.com\/OceanumDiving\/","article_modified_time":"2018-06-25T15:44:19+00:00","og_image":[{"url":"https:\/\/www.oceanum.es\/wp-content\/uploads\/2018\/06\/st2-300x191.gif","type":"","width":"","height":""}],"twitter_card":"summary_large_image","twitter_site":"@OceanumDiving","twitter_misc":{"Tiempo de lectura":"2 minutos"},"schema":{"@context":"https:\/\/schema.org","@graph":[{"@type":"WebPage","@id":"https:\/\/www.oceanum.es\/?page_id=642","url":"https:\/\/www.oceanum.es\/?page_id=642","name":"Workshop - Oceanum Diving Experiences","isPartOf":{"@id":"https:\/\/www.oceanum.es\/#website"},"primaryImageOfPage":{"@id":"https:\/\/www.oceanum.es\/?page_id=642#primaryimage"},"image":{"@id":"https:\/\/www.oceanum.es\/?page_id=642#primaryimage"},"thumbnailUrl":"https:\/\/www.oceanum.es\/wp-content\/uploads\/2018\/06\/st2-300x191.gif","datePublished":"2018-05-25T19:01:51+00:00","dateModified":"2018-06-25T15:44:19+00:00","breadcrumb":{"@id":"https:\/\/www.oceanum.es\/?page_id=642#breadcrumb"},"inLanguage":"es","potentialAction":[{"@type":"ReadAction","target":["https:\/\/www.oceanum.es\/?page_id=642"]}]},{"@type":"ImageObject","inLanguage":"es","@id":"https:\/\/www.oceanum.es\/?page_id=642#primaryimage","url":"https:\/\/www.oceanum.es\/wp-content\/uploads\/2018\/06\/st2.gif","contentUrl":"https:\/\/www.oceanum.es\/wp-content\/uploads\/2018\/06\/st2.gif","width":300,"height":191},{"@type":"BreadcrumbList","@id":"https:\/\/www.oceanum.es\/?page_id=642#breadcrumb","itemListElement":[{"@type":"ListItem","position":1,"name":"Portada","item":"https:\/\/www.oceanum.es\/"},{"@type":"ListItem","position":2,"name":"Workshop"}]},{"@type":"WebSite","@id":"https:\/\/www.oceanum.es\/#website","url":"https:\/\/www.oceanum.es\/","name":"Oceanum Diving Experiences","description":"Otra forma de Bucear","potentialAction":[{"@type":"SearchAction","target":{"@type":"EntryPoint","urlTemplate":"https:\/\/www.oceanum.es\/?s={search_term_string}"},"query-input":{"@type":"PropertyValueSpecification","valueRequired":true,"valueName":"search_term_string"}}],"inLanguage":"es"}]}},"amp_enabled":true,"_links":{"self":[{"href":"https:\/\/www.oceanum.es\/index.php?rest_route=\/wp\/v2\/pages\/642","targetHints":{"allow":["GET"]}}],"collection":[{"href":"https:\/\/www.oceanum.es\/index.php?rest_route=\/wp\/v2\/pages"}],"about":[{"href":"https:\/\/www.oceanum.es\/index.php?rest_route=\/wp\/v2\/types\/page"}],"author":[{"embeddable":true,"href":"https:\/\/www.oceanum.es\/index.php?rest_route=\/wp\/v2\/users\/1"}],"replies":[{"embeddable":true,"href":"https:\/\/www.oceanum.es\/index.php?rest_route=%2Fwp%2Fv2%2Fcomments&post=642"}],"version-history":[{"count":5,"href":"https:\/\/www.oceanum.es\/index.php?rest_route=\/wp\/v2\/pages\/642\/revisions"}],"predecessor-version":[{"id":1035,"href":"https:\/\/www.oceanum.es\/index.php?rest_route=\/wp\/v2\/pages\/642\/revisions\/1035"}],"wp:attachment":[{"href":"https:\/\/www.oceanum.es\/index.php?rest_route=%2Fwp%2Fv2%2Fmedia&parent=642"}],"curies":[{"name":"wp","href":"https:\/\/api.w.org\/{rel}","templated":true}]}}