{"id":625,"date":"2018-05-25T18:56:16","date_gmt":"2018-05-25T18:56:16","guid":{"rendered":"https:\/\/www.oceanum.es\/?page_id=625"},"modified":"2018-06-24T15:32:02","modified_gmt":"2018-06-24T15:32:02","slug":"instructor-iahd","status":"publish","type":"page","link":"https:\/\/www.oceanum.es\/?page_id=625","title":{"rendered":"Instructor IAHD"},"content":{"rendered":"<p><img fetchpriority=\"high\" decoding=\"async\" class=\"alignright size-medium wp-image-922\" src=\"https:\/\/www.oceanum.es\/wp-content\/uploads\/2018\/06\/Logo_I_IL2_site_500-300x300.png\" alt=\"\" width=\"300\" height=\"300\" srcset=\"https:\/\/www.oceanum.es\/wp-content\/uploads\/2018\/06\/Logo_I_IL2_site_500-300x300.png 300w, https:\/\/www.oceanum.es\/wp-content\/uploads\/2018\/06\/Logo_I_IL2_site_500-100x100.png 100w, https:\/\/www.oceanum.es\/wp-content\/uploads\/2018\/06\/Logo_I_IL2_site_500-150x150.png 150w, https:\/\/www.oceanum.es\/wp-content\/uploads\/2018\/06\/Logo_I_IL2_site_500-250x250.png 250w, https:\/\/www.oceanum.es\/wp-content\/uploads\/2018\/06\/Logo_I_IL2_site_500.png 500w\" sizes=\"(max-width: 300px) 100vw, 300px\" \/>El Curso de Entrenamiento de Instructores (Pro-Training Course) consta del desarrollo de conocimientos, la familiarizaci\u00f3n con los est\u00e1ndares y procedimientos del buceo adaptado y del entrenamiento en aguas confinadas y abiertas.<\/p>\n<p>Un Instructor de Buceo certificado en buceo adaptado en Teaching status activo est\u00e1 cualificado para: Realizar el programa de buceo adaptado Scuba Diving Experience, realizar el curso de buceo adaptado Open Water Diver y emitir certificaciones, realizar el curso de buceo adaptado Dive Partner y emitir certificaciones y realizar cualquier nuevo programa que sea desarrollado en el futuro.<\/p>\n<p>Para participar en el programa de Instructor en buceo adaptado, una persona debe:<\/p>\n<p>Ser un Instructor renovado y en Teaching status activo como miembro de una organizaci\u00f3n de ense\u00f1anza de buceo internacionalmente reconocida.<\/p>\n<p>Enviar una copia de un certificado m\u00e9dico que especifique que la persona es apta para el buceo. El examen m\u00e9dico debe haberse realizado dentro de los \u00faltimos doce meses.<\/p>\n<p>Haber recibido entrenamiento en Primeros Auxilios \/ RCP en los \u00faltimos veinticuatro meses y enviar prueba de ello.<br \/>\n<a href=\"https:\/\/www.oceanum.es\/?page_id=421\"><img decoding=\"async\" class=\"alignright\" src=\"https:\/\/www.oceanum.es\/wp-content\/uploads\/2018\/06\/flecha2.gif\" alt=\"\" width=\"43\" height=\"32\" \/><\/a><\/p>\n","protected":false},"excerpt":{"rendered":"<p>El Curso de Entrenamiento de Instructores (Pro-Training Course) consta del desarrollo de conocimientos, la familiarizaci\u00f3n con los est\u00e1ndares y procedimientos del buceo adaptado y del entrenamiento en aguas confinadas y abiertas. Un Instructor de Buceo certificado en buceo adaptado en Teaching status activo est\u00e1 cualificado para: Realizar el programa de buceo adaptado Scuba Diving Experience, realizar el curso de buceo adaptado Open Water Diver y emitir certificaciones, realizar el curso<\/p>\n<p><a class=\"more-link\" href=\"https:\/\/www.oceanum.es\/?page_id=625\">Leer m\u00e1s<\/a><\/p>\n","protected":false},"author":1,"featured_media":0,"parent":0,"menu_order":0,"comment_status":"closed","ping_status":"closed","template":"","meta":{"footnotes":""},"class_list":["post-625","page","type-page","status-publish","hentry"],"yoast_head":"<title>Instructor IAHD - Oceanum Diving Experiences<\/title>\n<meta name=\"robots\" content=\"index, follow, max-snippet:-1, max-image-preview:large, max-video-preview:-1\" \/>\n<link rel=\"canonical\" href=\"https:\/\/www.oceanum.es\/?page_id=625\" \/>\n<meta property=\"og:locale\" content=\"es_ES\" \/>\n<meta property=\"og:type\" content=\"article\" \/>\n<meta property=\"og:title\" content=\"Instructor IAHD - Oceanum Diving Experiences\" \/>\n<meta property=\"og:description\" content=\"El Curso de Entrenamiento de Instructores (Pro-Training Course) consta del desarrollo de conocimientos, la familiarizaci\u00f3n con los est\u00e1ndares y procedimientos del buceo adaptado y del entrenamiento en aguas confinadas y abiertas. Un Instructor de Buceo certificado en buceo adaptado en Teaching status activo est\u00e1 cualificado para: Realizar el programa de buceo adaptado Scuba Diving Experience, realizar el curso de buceo adaptado Open Water Diver y emitir certificaciones, realizar el cursoLeer m\u00e1s\" \/>\n<meta property=\"og:url\" content=\"https:\/\/www.oceanum.es\/?page_id=625\" \/>\n<meta property=\"og:site_name\" content=\"Oceanum Diving Experiences\" \/>\n<meta property=\"article:publisher\" content=\"https:\/\/www.facebook.com\/OceanumDiving\/\" \/>\n<meta property=\"article:modified_time\" content=\"2018-06-24T15:32:02+00:00\" \/>\n<meta property=\"og:image\" content=\"https:\/\/www.oceanum.es\/wp-content\/uploads\/2018\/06\/Logo_I_IL2_site_500-300x300.png\" \/>\n<meta name=\"twitter:card\" content=\"summary_large_image\" \/>\n<meta name=\"twitter:site\" content=\"@OceanumDiving\" \/>\n<meta name=\"twitter:label1\" content=\"Tiempo de lectura\" \/>\n\t<meta name=\"twitter:data1\" content=\"1 minuto\" \/>\n<script type=\"application\/ld+json\" class=\"yoast-schema-graph\">{\"@context\":\"https:\\\/\\\/schema.org\",\"@graph\":[{\"@type\":\"WebPage\",\"@id\":\"https:\\\/\\\/www.oceanum.es\\\/?page_id=625\",\"url\":\"https:\\\/\\\/www.oceanum.es\\\/?page_id=625\",\"name\":\"Instructor IAHD - Oceanum Diving Experiences\",\"isPartOf\":{\"@id\":\"https:\\\/\\\/www.oceanum.es\\\/#website\"},\"primaryImageOfPage\":{\"@id\":\"https:\\\/\\\/www.oceanum.es\\\/?page_id=625#primaryimage\"},\"image\":{\"@id\":\"https:\\\/\\\/www.oceanum.es\\\/?page_id=625#primaryimage\"},\"thumbnailUrl\":\"https:\\\/\\\/www.oceanum.es\\\/wp-content\\\/uploads\\\/2018\\\/06\\\/Logo_I_IL2_site_500-300x300.png\",\"datePublished\":\"2018-05-25T18:56:16+00:00\",\"dateModified\":\"2018-06-24T15:32:02+00:00\",\"breadcrumb\":{\"@id\":\"https:\\\/\\\/www.oceanum.es\\\/?page_id=625#breadcrumb\"},\"inLanguage\":\"es\",\"potentialAction\":[{\"@type\":\"ReadAction\",\"target\":[\"https:\\\/\\\/www.oceanum.es\\\/?page_id=625\"]}]},{\"@type\":\"ImageObject\",\"inLanguage\":\"es\",\"@id\":\"https:\\\/\\\/www.oceanum.es\\\/?page_id=625#primaryimage\",\"url\":\"https:\\\/\\\/www.oceanum.es\\\/wp-content\\\/uploads\\\/2018\\\/06\\\/Logo_I_IL2_site_500.png\",\"contentUrl\":\"https:\\\/\\\/www.oceanum.es\\\/wp-content\\\/uploads\\\/2018\\\/06\\\/Logo_I_IL2_site_500.png\",\"width\":500,\"height\":500},{\"@type\":\"BreadcrumbList\",\"@id\":\"https:\\\/\\\/www.oceanum.es\\\/?page_id=625#breadcrumb\",\"itemListElement\":[{\"@type\":\"ListItem\",\"position\":1,\"name\":\"Portada\",\"item\":\"https:\\\/\\\/www.oceanum.es\\\/\"},{\"@type\":\"ListItem\",\"position\":2,\"name\":\"Instructor IAHD\"}]},{\"@type\":\"WebSite\",\"@id\":\"https:\\\/\\\/www.oceanum.es\\\/#website\",\"url\":\"https:\\\/\\\/www.oceanum.es\\\/\",\"name\":\"Oceanum Diving Experiences\",\"description\":\"Otra forma de Bucear\",\"potentialAction\":[{\"@type\":\"SearchAction\",\"target\":{\"@type\":\"EntryPoint\",\"urlTemplate\":\"https:\\\/\\\/www.oceanum.es\\\/?s={search_term_string}\"},\"query-input\":{\"@type\":\"PropertyValueSpecification\",\"valueRequired\":true,\"valueName\":\"search_term_string\"}}],\"inLanguage\":\"es\"}]}<\/script>","yoast_head_json":{"title":"Instructor IAHD - Oceanum Diving Experiences","robots":{"index":"index","follow":"follow","max-snippet":"max-snippet:-1","max-image-preview":"max-image-preview:large","max-video-preview":"max-video-preview:-1"},"canonical":"https:\/\/www.oceanum.es\/?page_id=625","og_locale":"es_ES","og_type":"article","og_title":"Instructor IAHD - Oceanum Diving Experiences","og_description":"El Curso de Entrenamiento de Instructores (Pro-Training Course) consta del desarrollo de conocimientos, la familiarizaci\u00f3n con los est\u00e1ndares y procedimientos del buceo adaptado y del entrenamiento en aguas confinadas y abiertas. Un Instructor de Buceo certificado en buceo adaptado en Teaching status activo est\u00e1 cualificado para: Realizar el programa de buceo adaptado Scuba Diving Experience, realizar el curso de buceo adaptado Open Water Diver y emitir certificaciones, realizar el cursoLeer m\u00e1s","og_url":"https:\/\/www.oceanum.es\/?page_id=625","og_site_name":"Oceanum Diving Experiences","article_publisher":"https:\/\/www.facebook.com\/OceanumDiving\/","article_modified_time":"2018-06-24T15:32:02+00:00","og_image":[{"url":"https:\/\/www.oceanum.es\/wp-content\/uploads\/2018\/06\/Logo_I_IL2_site_500-300x300.png","type":"","width":"","height":""}],"twitter_card":"summary_large_image","twitter_site":"@OceanumDiving","twitter_misc":{"Tiempo de lectura":"1 minuto"},"schema":{"@context":"https:\/\/schema.org","@graph":[{"@type":"WebPage","@id":"https:\/\/www.oceanum.es\/?page_id=625","url":"https:\/\/www.oceanum.es\/?page_id=625","name":"Instructor IAHD - Oceanum Diving Experiences","isPartOf":{"@id":"https:\/\/www.oceanum.es\/#website"},"primaryImageOfPage":{"@id":"https:\/\/www.oceanum.es\/?page_id=625#primaryimage"},"image":{"@id":"https:\/\/www.oceanum.es\/?page_id=625#primaryimage"},"thumbnailUrl":"https:\/\/www.oceanum.es\/wp-content\/uploads\/2018\/06\/Logo_I_IL2_site_500-300x300.png","datePublished":"2018-05-25T18:56:16+00:00","dateModified":"2018-06-24T15:32:02+00:00","breadcrumb":{"@id":"https:\/\/www.oceanum.es\/?page_id=625#breadcrumb"},"inLanguage":"es","potentialAction":[{"@type":"ReadAction","target":["https:\/\/www.oceanum.es\/?page_id=625"]}]},{"@type":"ImageObject","inLanguage":"es","@id":"https:\/\/www.oceanum.es\/?page_id=625#primaryimage","url":"https:\/\/www.oceanum.es\/wp-content\/uploads\/2018\/06\/Logo_I_IL2_site_500.png","contentUrl":"https:\/\/www.oceanum.es\/wp-content\/uploads\/2018\/06\/Logo_I_IL2_site_500.png","width":500,"height":500},{"@type":"BreadcrumbList","@id":"https:\/\/www.oceanum.es\/?page_id=625#breadcrumb","itemListElement":[{"@type":"ListItem","position":1,"name":"Portada","item":"https:\/\/www.oceanum.es\/"},{"@type":"ListItem","position":2,"name":"Instructor IAHD"}]},{"@type":"WebSite","@id":"https:\/\/www.oceanum.es\/#website","url":"https:\/\/www.oceanum.es\/","name":"Oceanum Diving Experiences","description":"Otra forma de Bucear","potentialAction":[{"@type":"SearchAction","target":{"@type":"EntryPoint","urlTemplate":"https:\/\/www.oceanum.es\/?s={search_term_string}"},"query-input":{"@type":"PropertyValueSpecification","valueRequired":true,"valueName":"search_term_string"}}],"inLanguage":"es"}]}},"amp_enabled":true,"_links":{"self":[{"href":"https:\/\/www.oceanum.es\/index.php?rest_route=\/wp\/v2\/pages\/625","targetHints":{"allow":["GET"]}}],"collection":[{"href":"https:\/\/www.oceanum.es\/index.php?rest_route=\/wp\/v2\/pages"}],"about":[{"href":"https:\/\/www.oceanum.es\/index.php?rest_route=\/wp\/v2\/types\/page"}],"author":[{"embeddable":true,"href":"https:\/\/www.oceanum.es\/index.php?rest_route=\/wp\/v2\/users\/1"}],"replies":[{"embeddable":true,"href":"https:\/\/www.oceanum.es\/index.php?rest_route=%2Fwp%2Fv2%2Fcomments&post=625"}],"version-history":[{"count":3,"href":"https:\/\/www.oceanum.es\/index.php?rest_route=\/wp\/v2\/pages\/625\/revisions"}],"predecessor-version":[{"id":939,"href":"https:\/\/www.oceanum.es\/index.php?rest_route=\/wp\/v2\/pages\/625\/revisions\/939"}],"wp:attachment":[{"href":"https:\/\/www.oceanum.es\/index.php?rest_route=%2Fwp%2Fv2%2Fmedia&parent=625"}],"curies":[{"name":"wp","href":"https:\/\/api.w.org\/{rel}","templated":true}]}}