{"id":539,"date":"2018-05-25T18:45:30","date_gmt":"2018-05-25T18:45:30","guid":{"rendered":"https:\/\/www.oceanum.es\/?page_id=539"},"modified":"2018-06-24T12:31:41","modified_gmt":"2018-06-24T12:31:41","slug":"altitud","status":"publish","type":"page","link":"https:\/\/www.oceanum.es\/?page_id=539","title":{"rendered":"Altitud"},"content":{"rendered":"<p style=\"line-height: 1.71429; margin-bottom: 1.71429rem;\"><img decoding=\"async\" class=\"wp-image-472 alignleft\" style=\"margin-top: 0.857143rem; margin-bottom: 0.857143rem; margin-left: 1.71429rem;\" src=\"https:\/\/www.oceanum.es\/wp-content\/uploads\/2018\/05\/equipacion.gif\" alt=\"\" width=\"151\" height=\"200\" \/><\/p>\n<p>Te has preguntado alguna vez si se puede bucear en alg\u00fan Lago, Pantano, R\u00edo, etc&#8230; ahora podr\u00e1s hacerlo comodamente y con seguridad.<\/p>\n<p>En el podr\u00e1s adquirir los conocimientos, las destrezas y consideraciones sobre el buceo en altitud.<\/p>\n<p>Dura<span style=\"font-size: 1rem;\">ci\u00f3n: un d\u00eda, dos m\u00f3dulos de sesiones te\u00f3ricas y dos inmersiones en aguas abiertas.<\/span><br \/>\n<a href=\"https:\/\/www.oceanum.es\/?page_id=419\"><img decoding=\"async\" class=\"alignright\" src=\"https:\/\/www.oceanum.es\/wp-content\/uploads\/2018\/06\/flecha2.gif\" alt=\"\" width=\"43\" height=\"32\" \/><\/a><\/p>\n","protected":false},"excerpt":{"rendered":"<p>Te has preguntado alguna vez si se puede bucear en alg\u00fan Lago, Pantano, R\u00edo, etc&#8230; ahora podr\u00e1s hacerlo comodamente y con seguridad. En el podr\u00e1s adquirir los conocimientos, las destrezas y consideraciones sobre el buceo en altitud. Duraci\u00f3n: un d\u00eda, dos m\u00f3dulos de sesiones te\u00f3ricas y dos inmersiones en aguas abiertas.<\/p>\n","protected":false},"author":1,"featured_media":0,"parent":0,"menu_order":0,"comment_status":"closed","ping_status":"closed","template":"","meta":{"footnotes":""},"class_list":["post-539","page","type-page","status-publish","hentry"],"yoast_head":"<title>Altitud - Oceanum Diving Experiences<\/title>\n<meta name=\"robots\" content=\"index, follow, max-snippet:-1, max-image-preview:large, max-video-preview:-1\" \/>\n<link rel=\"canonical\" href=\"https:\/\/www.oceanum.es\/?page_id=539\" \/>\n<meta property=\"og:locale\" content=\"es_ES\" \/>\n<meta property=\"og:type\" content=\"article\" \/>\n<meta property=\"og:title\" content=\"Altitud - Oceanum Diving Experiences\" \/>\n<meta property=\"og:description\" content=\"Te has preguntado alguna vez si se puede bucear en alg\u00fan Lago, Pantano, R\u00edo, etc&#8230; ahora podr\u00e1s hacerlo comodamente y con seguridad. En el podr\u00e1s adquirir los conocimientos, las destrezas y consideraciones sobre el buceo en altitud. Duraci\u00f3n: un d\u00eda, dos m\u00f3dulos de sesiones te\u00f3ricas y dos inmersiones en aguas abiertas.\" \/>\n<meta property=\"og:url\" content=\"https:\/\/www.oceanum.es\/?page_id=539\" \/>\n<meta property=\"og:site_name\" content=\"Oceanum Diving Experiences\" \/>\n<meta property=\"article:publisher\" content=\"https:\/\/www.facebook.com\/OceanumDiving\/\" \/>\n<meta property=\"article:modified_time\" content=\"2018-06-24T12:31:41+00:00\" \/>\n<meta property=\"og:image\" content=\"https:\/\/www.oceanum.es\/wp-content\/uploads\/2018\/05\/equipacion.gif\" \/>\n<meta name=\"twitter:card\" content=\"summary_large_image\" \/>\n<meta name=\"twitter:site\" content=\"@OceanumDiving\" \/>\n<script type=\"application\/ld+json\" class=\"yoast-schema-graph\">{\"@context\":\"https:\\\/\\\/schema.org\",\"@graph\":[{\"@type\":\"WebPage\",\"@id\":\"https:\\\/\\\/www.oceanum.es\\\/?page_id=539\",\"url\":\"https:\\\/\\\/www.oceanum.es\\\/?page_id=539\",\"name\":\"Altitud - Oceanum Diving Experiences\",\"isPartOf\":{\"@id\":\"https:\\\/\\\/www.oceanum.es\\\/#website\"},\"primaryImageOfPage\":{\"@id\":\"https:\\\/\\\/www.oceanum.es\\\/?page_id=539#primaryimage\"},\"image\":{\"@id\":\"https:\\\/\\\/www.oceanum.es\\\/?page_id=539#primaryimage\"},\"thumbnailUrl\":\"https:\\\/\\\/www.oceanum.es\\\/wp-content\\\/uploads\\\/2018\\\/05\\\/equipacion.gif\",\"datePublished\":\"2018-05-25T18:45:30+00:00\",\"dateModified\":\"2018-06-24T12:31:41+00:00\",\"breadcrumb\":{\"@id\":\"https:\\\/\\\/www.oceanum.es\\\/?page_id=539#breadcrumb\"},\"inLanguage\":\"es\",\"potentialAction\":[{\"@type\":\"ReadAction\",\"target\":[\"https:\\\/\\\/www.oceanum.es\\\/?page_id=539\"]}]},{\"@type\":\"ImageObject\",\"inLanguage\":\"es\",\"@id\":\"https:\\\/\\\/www.oceanum.es\\\/?page_id=539#primaryimage\",\"url\":\"https:\\\/\\\/www.oceanum.es\\\/wp-content\\\/uploads\\\/2018\\\/05\\\/equipacion.gif\",\"contentUrl\":\"https:\\\/\\\/www.oceanum.es\\\/wp-content\\\/uploads\\\/2018\\\/05\\\/equipacion.gif\",\"width\":194,\"height\":257},{\"@type\":\"BreadcrumbList\",\"@id\":\"https:\\\/\\\/www.oceanum.es\\\/?page_id=539#breadcrumb\",\"itemListElement\":[{\"@type\":\"ListItem\",\"position\":1,\"name\":\"Portada\",\"item\":\"https:\\\/\\\/www.oceanum.es\\\/\"},{\"@type\":\"ListItem\",\"position\":2,\"name\":\"Altitud\"}]},{\"@type\":\"WebSite\",\"@id\":\"https:\\\/\\\/www.oceanum.es\\\/#website\",\"url\":\"https:\\\/\\\/www.oceanum.es\\\/\",\"name\":\"Oceanum Diving Experiences\",\"description\":\"Otra forma de Bucear\",\"potentialAction\":[{\"@type\":\"SearchAction\",\"target\":{\"@type\":\"EntryPoint\",\"urlTemplate\":\"https:\\\/\\\/www.oceanum.es\\\/?s={search_term_string}\"},\"query-input\":{\"@type\":\"PropertyValueSpecification\",\"valueRequired\":true,\"valueName\":\"search_term_string\"}}],\"inLanguage\":\"es\"}]}<\/script>","yoast_head_json":{"title":"Altitud - Oceanum Diving Experiences","robots":{"index":"index","follow":"follow","max-snippet":"max-snippet:-1","max-image-preview":"max-image-preview:large","max-video-preview":"max-video-preview:-1"},"canonical":"https:\/\/www.oceanum.es\/?page_id=539","og_locale":"es_ES","og_type":"article","og_title":"Altitud - Oceanum Diving Experiences","og_description":"Te has preguntado alguna vez si se puede bucear en alg\u00fan Lago, Pantano, R\u00edo, etc&#8230; ahora podr\u00e1s hacerlo comodamente y con seguridad. En el podr\u00e1s adquirir los conocimientos, las destrezas y consideraciones sobre el buceo en altitud. Duraci\u00f3n: un d\u00eda, dos m\u00f3dulos de sesiones te\u00f3ricas y dos inmersiones en aguas abiertas.","og_url":"https:\/\/www.oceanum.es\/?page_id=539","og_site_name":"Oceanum Diving Experiences","article_publisher":"https:\/\/www.facebook.com\/OceanumDiving\/","article_modified_time":"2018-06-24T12:31:41+00:00","og_image":[{"url":"https:\/\/www.oceanum.es\/wp-content\/uploads\/2018\/05\/equipacion.gif","type":"","width":"","height":""}],"twitter_card":"summary_large_image","twitter_site":"@OceanumDiving","schema":{"@context":"https:\/\/schema.org","@graph":[{"@type":"WebPage","@id":"https:\/\/www.oceanum.es\/?page_id=539","url":"https:\/\/www.oceanum.es\/?page_id=539","name":"Altitud - Oceanum Diving Experiences","isPartOf":{"@id":"https:\/\/www.oceanum.es\/#website"},"primaryImageOfPage":{"@id":"https:\/\/www.oceanum.es\/?page_id=539#primaryimage"},"image":{"@id":"https:\/\/www.oceanum.es\/?page_id=539#primaryimage"},"thumbnailUrl":"https:\/\/www.oceanum.es\/wp-content\/uploads\/2018\/05\/equipacion.gif","datePublished":"2018-05-25T18:45:30+00:00","dateModified":"2018-06-24T12:31:41+00:00","breadcrumb":{"@id":"https:\/\/www.oceanum.es\/?page_id=539#breadcrumb"},"inLanguage":"es","potentialAction":[{"@type":"ReadAction","target":["https:\/\/www.oceanum.es\/?page_id=539"]}]},{"@type":"ImageObject","inLanguage":"es","@id":"https:\/\/www.oceanum.es\/?page_id=539#primaryimage","url":"https:\/\/www.oceanum.es\/wp-content\/uploads\/2018\/05\/equipacion.gif","contentUrl":"https:\/\/www.oceanum.es\/wp-content\/uploads\/2018\/05\/equipacion.gif","width":194,"height":257},{"@type":"BreadcrumbList","@id":"https:\/\/www.oceanum.es\/?page_id=539#breadcrumb","itemListElement":[{"@type":"ListItem","position":1,"name":"Portada","item":"https:\/\/www.oceanum.es\/"},{"@type":"ListItem","position":2,"name":"Altitud"}]},{"@type":"WebSite","@id":"https:\/\/www.oceanum.es\/#website","url":"https:\/\/www.oceanum.es\/","name":"Oceanum Diving Experiences","description":"Otra forma de Bucear","potentialAction":[{"@type":"SearchAction","target":{"@type":"EntryPoint","urlTemplate":"https:\/\/www.oceanum.es\/?s={search_term_string}"},"query-input":{"@type":"PropertyValueSpecification","valueRequired":true,"valueName":"search_term_string"}}],"inLanguage":"es"}]}},"amp_enabled":true,"_links":{"self":[{"href":"https:\/\/www.oceanum.es\/index.php?rest_route=\/wp\/v2\/pages\/539","targetHints":{"allow":["GET"]}}],"collection":[{"href":"https:\/\/www.oceanum.es\/index.php?rest_route=\/wp\/v2\/pages"}],"about":[{"href":"https:\/\/www.oceanum.es\/index.php?rest_route=\/wp\/v2\/types\/page"}],"author":[{"embeddable":true,"href":"https:\/\/www.oceanum.es\/index.php?rest_route=\/wp\/v2\/users\/1"}],"replies":[{"embeddable":true,"href":"https:\/\/www.oceanum.es\/index.php?rest_route=%2Fwp%2Fv2%2Fcomments&post=539"}],"version-history":[{"count":5,"href":"https:\/\/www.oceanum.es\/index.php?rest_route=\/wp\/v2\/pages\/539\/revisions"}],"predecessor-version":[{"id":889,"href":"https:\/\/www.oceanum.es\/index.php?rest_route=\/wp\/v2\/pages\/539\/revisions\/889"}],"wp:attachment":[{"href":"https:\/\/www.oceanum.es\/index.php?rest_route=%2Fwp%2Fv2%2Fmedia&parent=539"}],"curies":[{"name":"wp","href":"https:\/\/api.w.org\/{rel}","templated":true}]}}