{"id":421,"date":"2018-05-23T09:02:42","date_gmt":"2018-05-23T09:02:42","guid":{"rendered":"https:\/\/www.oceanum.es\/?page_id=421"},"modified":"2019-09-20T20:25:13","modified_gmt":"2019-09-20T20:25:13","slug":"superando-barreras","status":"publish","type":"page","link":"https:\/\/www.oceanum.es\/?page_id=421","title":{"rendered":"Superando barreras"},"content":{"rendered":"<p><span style=\"color: #333333;\"><span style=\"font-family: Arial, Helvetica, sans-serif; font-size: medium;\">La<\/span><span style=\"font-family: Arial, Helvetica, sans-serif; font-size: medium;\">s personas con diversidad funcional no les impide que puedan bucear, pero necesitan instructores y gu\u00edas subacu\u00e1ticos competentes, compa\u00f1eros de buceo cualificados y personal de soporte en superficie. Tambi\u00e9n se requieren manuales, guiones, material, etc&#8230; y una organizaci\u00f3n como IAHD que de soporte a sus miembros.<\/span><\/span><\/p>\n<table border=\"0\" width=\"800\" cellspacing=\"0\" cellpadding=\"0\">\n<tbody>\n<tr>\n<th scope=\"col\"><a href=\"https:\/\/www.oceanum.es\/?page_id=618\"><img decoding=\"async\" class=\"aligncenter wp-image-927 size-thumbnail\" src=\"https:\/\/www.oceanum.es\/wp-content\/uploads\/2018\/06\/choni1-150x150.gif\" alt=\"\" width=\"150\" height=\"150\" srcset=\"https:\/\/www.oceanum.es\/wp-content\/uploads\/2018\/06\/choni1-150x150.gif 150w, https:\/\/www.oceanum.es\/wp-content\/uploads\/2018\/06\/choni1-300x300.gif 300w, https:\/\/www.oceanum.es\/wp-content\/uploads\/2018\/06\/choni1-100x100.gif 100w, https:\/\/www.oceanum.es\/wp-content\/uploads\/2018\/06\/choni1-250x250.gif 250w\" sizes=\"(max-width: 150px) 100vw, 150px\" \/><\/a><\/th>\n<th scope=\"col\"><a href=\"https:\/\/www.oceanum.es\/?page_id=619\"><img decoding=\"async\" class=\"aligncenter wp-image-909 size-thumbnail\" src=\"https:\/\/www.oceanum.es\/wp-content\/uploads\/2018\/06\/iahd3-150x150.gif\" alt=\"\" width=\"150\" height=\"150\" srcset=\"https:\/\/www.oceanum.es\/wp-content\/uploads\/2018\/06\/iahd3-150x150.gif 150w, https:\/\/www.oceanum.es\/wp-content\/uploads\/2018\/06\/iahd3-100x100.gif 100w\" sizes=\"(max-width: 150px) 100vw, 150px\" \/><\/a><\/th>\n<th scope=\"col\"><a href=\"https:\/\/www.oceanum.es\/?page_id=620\"><img decoding=\"async\" class=\"aligncenter wp-image-918 size-thumbnail\" style=\"margin-top: 0.857143rem; margin-bottom: 0.857143rem;\" src=\"https:\/\/www.oceanum.es\/wp-content\/uploads\/2018\/06\/cayman1-150x150.jpg\" alt=\"\" width=\"150\" height=\"150\" srcset=\"https:\/\/www.oceanum.es\/wp-content\/uploads\/2018\/06\/cayman1-150x150.jpg 150w, https:\/\/www.oceanum.es\/wp-content\/uploads\/2018\/06\/cayman1-300x300.jpg 300w, https:\/\/www.oceanum.es\/wp-content\/uploads\/2018\/06\/cayman1-100x100.jpg 100w, https:\/\/www.oceanum.es\/wp-content\/uploads\/2018\/06\/cayman1-250x250.jpg 250w\" sizes=\"(max-width: 150px) 100vw, 150px\" \/><\/a><\/th>\n<\/tr>\n<tr>\n<td style=\"text-align: center;\"><strong>CONFINED WATER IAHD<\/strong><\/td>\n<td style=\"text-align: center;\"><strong>OPEN WATER IAHD<\/strong><\/td>\n<td style=\"text-align: center;\"><strong>ADVANCED IAHD<\/strong><\/td>\n<\/tr>\n<tr>\n<td><a href=\"https:\/\/www.oceanum.es\/?page_id=622\"><img loading=\"lazy\" decoding=\"async\" class=\"aligncenter wp-image-917 size-thumbnail\" src=\"https:\/\/www.oceanum.es\/wp-content\/uploads\/2018\/06\/divepartners-1-150x150.jpg\" alt=\"\" width=\"150\" height=\"150\" srcset=\"https:\/\/www.oceanum.es\/wp-content\/uploads\/2018\/06\/divepartners-1-150x150.jpg 150w, https:\/\/www.oceanum.es\/wp-content\/uploads\/2018\/06\/divepartners-1-100x100.jpg 100w\" sizes=\"(max-width: 150px) 100vw, 150px\" \/><\/a><\/td>\n<td><a href=\"https:\/\/www.oceanum.es\/?page_id=623\"><img loading=\"lazy\" decoding=\"async\" class=\"aligncenter wp-image-926 size-thumbnail\" src=\"https:\/\/www.oceanum.es\/wp-content\/uploads\/2018\/06\/Logo_I_3S_site_500-150x150.png\" alt=\"\" width=\"150\" height=\"150\" srcset=\"https:\/\/www.oceanum.es\/wp-content\/uploads\/2018\/06\/Logo_I_3S_site_500-150x150.png 150w, https:\/\/www.oceanum.es\/wp-content\/uploads\/2018\/06\/Logo_I_3S_site_500-300x300.png 300w, https:\/\/www.oceanum.es\/wp-content\/uploads\/2018\/06\/Logo_I_3S_site_500-100x100.png 100w, https:\/\/www.oceanum.es\/wp-content\/uploads\/2018\/06\/Logo_I_3S_site_500-250x250.png 250w, https:\/\/www.oceanum.es\/wp-content\/uploads\/2018\/06\/Logo_I_3S_site_500.png 500w\" sizes=\"(max-width: 150px) 100vw, 150px\" \/><\/a><\/td>\n<td><\/td>\n<\/tr>\n<tr>\n<td style=\"text-align: center;\"><strong>DIVEPARTNER IAHD<\/strong><\/td>\n<td style=\"text-align: center;\"><strong>SURFACE SUPPORT IAHD<\/strong><\/td>\n<td style=\"text-align: center;\"><\/td>\n<\/tr>\n<tr>\n<td><a href=\"https:\/\/www.oceanum.es\/?page_id=624\"><img loading=\"lazy\" decoding=\"async\" class=\"aligncenter wp-image-921 size-thumbnail\" src=\"https:\/\/www.oceanum.es\/wp-content\/uploads\/2018\/06\/Logo_I_IA_site_500-150x150.png\" alt=\"\" width=\"150\" height=\"150\" srcset=\"https:\/\/www.oceanum.es\/wp-content\/uploads\/2018\/06\/Logo_I_IA_site_500-150x150.png 150w, https:\/\/www.oceanum.es\/wp-content\/uploads\/2018\/06\/Logo_I_IA_site_500-300x300.png 300w, https:\/\/www.oceanum.es\/wp-content\/uploads\/2018\/06\/Logo_I_IA_site_500-100x100.png 100w, https:\/\/www.oceanum.es\/wp-content\/uploads\/2018\/06\/Logo_I_IA_site_500-250x250.png 250w, https:\/\/www.oceanum.es\/wp-content\/uploads\/2018\/06\/Logo_I_IA_site_500.png 500w\" sizes=\"(max-width: 150px) 100vw, 150px\" \/><\/a><\/td>\n<td><a href=\"https:\/\/www.oceanum.es\/?page_id=625\"><img loading=\"lazy\" decoding=\"async\" class=\"aligncenter wp-image-922 size-thumbnail\" src=\"https:\/\/www.oceanum.es\/wp-content\/uploads\/2018\/06\/Logo_I_IL2_site_500-150x150.png\" alt=\"\" width=\"150\" height=\"150\" srcset=\"https:\/\/www.oceanum.es\/wp-content\/uploads\/2018\/06\/Logo_I_IL2_site_500-150x150.png 150w, https:\/\/www.oceanum.es\/wp-content\/uploads\/2018\/06\/Logo_I_IL2_site_500-300x300.png 300w, https:\/\/www.oceanum.es\/wp-content\/uploads\/2018\/06\/Logo_I_IL2_site_500-100x100.png 100w, https:\/\/www.oceanum.es\/wp-content\/uploads\/2018\/06\/Logo_I_IL2_site_500-250x250.png 250w, https:\/\/www.oceanum.es\/wp-content\/uploads\/2018\/06\/Logo_I_IL2_site_500.png 500w\" sizes=\"(max-width: 150px) 100vw, 150px\" \/><\/a><\/td>\n<td><\/td>\n<\/tr>\n<tr>\n<td style=\"text-align: center;\"><strong>ASSISTANT INSTRUCTOR IAHD<\/strong><\/td>\n<td style=\"text-align: center;\"><strong>INSTRUCTOR IAHD<\/strong><\/td>\n<td style=\"text-align: center;\"><\/td>\n<\/tr>\n<\/tbody>\n<\/table>\n","protected":false},"excerpt":{"rendered":"<p>Las personas con diversidad funcional no les impide que puedan bucear, pero necesitan instructores y gu\u00edas subacu\u00e1ticos competentes, compa\u00f1eros de buceo cualificados y personal de soporte en superficie. Tambi\u00e9n se requieren manuales, guiones, material, etc&#8230; y una organizaci\u00f3n como IAHD que de soporte a sus miembros. CONFINED WATER IAHD OPEN WATER IAHD ADVANCED IAHD DIVEPARTNER IAHD SURFACE SUPPORT IAHD ASSISTANT INSTRUCTOR IAHD INSTRUCTOR IAHD<\/p>\n","protected":false},"author":1,"featured_media":0,"parent":0,"menu_order":0,"comment_status":"closed","ping_status":"closed","template":"","meta":{"footnotes":""},"class_list":["post-421","page","type-page","status-publish","hentry"],"yoast_head":"<title>Superando barreras - Oceanum Diving Experiences<\/title>\n<meta name=\"robots\" content=\"index, follow, max-snippet:-1, max-image-preview:large, max-video-preview:-1\" \/>\n<link rel=\"canonical\" href=\"https:\/\/www.oceanum.es\/?page_id=421\" \/>\n<meta property=\"og:locale\" content=\"es_ES\" \/>\n<meta property=\"og:type\" content=\"article\" \/>\n<meta property=\"og:title\" content=\"Superando barreras - Oceanum Diving Experiences\" \/>\n<meta property=\"og:description\" content=\"Las personas con diversidad funcional no les impide que puedan bucear, pero necesitan instructores y gu\u00edas subacu\u00e1ticos competentes, compa\u00f1eros de buceo cualificados y personal de soporte en superficie. Tambi\u00e9n se requieren manuales, guiones, material, etc&#8230; y una organizaci\u00f3n como IAHD que de soporte a sus miembros. CONFINED WATER IAHD OPEN WATER IAHD ADVANCED IAHD DIVEPARTNER IAHD SURFACE SUPPORT IAHD ASSISTANT INSTRUCTOR IAHD INSTRUCTOR IAHD\" \/>\n<meta property=\"og:url\" content=\"https:\/\/www.oceanum.es\/?page_id=421\" \/>\n<meta property=\"og:site_name\" content=\"Oceanum Diving Experiences\" \/>\n<meta property=\"article:publisher\" content=\"https:\/\/www.facebook.com\/OceanumDiving\/\" \/>\n<meta property=\"article:modified_time\" content=\"2019-09-20T20:25:13+00:00\" \/>\n<meta property=\"og:image\" content=\"https:\/\/www.oceanum.es\/wp-content\/uploads\/2018\/06\/choni1-150x150.gif\" \/>\n<meta name=\"twitter:card\" content=\"summary_large_image\" \/>\n<meta name=\"twitter:site\" content=\"@OceanumDiving\" \/>\n<script type=\"application\/ld+json\" class=\"yoast-schema-graph\">{\"@context\":\"https:\\\/\\\/schema.org\",\"@graph\":[{\"@type\":\"WebPage\",\"@id\":\"https:\\\/\\\/www.oceanum.es\\\/?page_id=421\",\"url\":\"https:\\\/\\\/www.oceanum.es\\\/?page_id=421\",\"name\":\"Superando barreras - Oceanum Diving Experiences\",\"isPartOf\":{\"@id\":\"https:\\\/\\\/www.oceanum.es\\\/#website\"},\"primaryImageOfPage\":{\"@id\":\"https:\\\/\\\/www.oceanum.es\\\/?page_id=421#primaryimage\"},\"image\":{\"@id\":\"https:\\\/\\\/www.oceanum.es\\\/?page_id=421#primaryimage\"},\"thumbnailUrl\":\"https:\\\/\\\/www.oceanum.es\\\/wp-content\\\/uploads\\\/2018\\\/06\\\/choni1-150x150.gif\",\"datePublished\":\"2018-05-23T09:02:42+00:00\",\"dateModified\":\"2019-09-20T20:25:13+00:00\",\"breadcrumb\":{\"@id\":\"https:\\\/\\\/www.oceanum.es\\\/?page_id=421#breadcrumb\"},\"inLanguage\":\"es\",\"potentialAction\":[{\"@type\":\"ReadAction\",\"target\":[\"https:\\\/\\\/www.oceanum.es\\\/?page_id=421\"]}]},{\"@type\":\"ImageObject\",\"inLanguage\":\"es\",\"@id\":\"https:\\\/\\\/www.oceanum.es\\\/?page_id=421#primaryimage\",\"url\":\"https:\\\/\\\/www.oceanum.es\\\/wp-content\\\/uploads\\\/2018\\\/06\\\/choni1.gif\",\"contentUrl\":\"https:\\\/\\\/www.oceanum.es\\\/wp-content\\\/uploads\\\/2018\\\/06\\\/choni1.gif\",\"width\":337,\"height\":304},{\"@type\":\"BreadcrumbList\",\"@id\":\"https:\\\/\\\/www.oceanum.es\\\/?page_id=421#breadcrumb\",\"itemListElement\":[{\"@type\":\"ListItem\",\"position\":1,\"name\":\"Portada\",\"item\":\"https:\\\/\\\/www.oceanum.es\\\/\"},{\"@type\":\"ListItem\",\"position\":2,\"name\":\"Superando barreras\"}]},{\"@type\":\"WebSite\",\"@id\":\"https:\\\/\\\/www.oceanum.es\\\/#website\",\"url\":\"https:\\\/\\\/www.oceanum.es\\\/\",\"name\":\"Oceanum Diving Experiences\",\"description\":\"Otra forma de Bucear\",\"potentialAction\":[{\"@type\":\"SearchAction\",\"target\":{\"@type\":\"EntryPoint\",\"urlTemplate\":\"https:\\\/\\\/www.oceanum.es\\\/?s={search_term_string}\"},\"query-input\":{\"@type\":\"PropertyValueSpecification\",\"valueRequired\":true,\"valueName\":\"search_term_string\"}}],\"inLanguage\":\"es\"}]}<\/script>","yoast_head_json":{"title":"Superando barreras - Oceanum Diving Experiences","robots":{"index":"index","follow":"follow","max-snippet":"max-snippet:-1","max-image-preview":"max-image-preview:large","max-video-preview":"max-video-preview:-1"},"canonical":"https:\/\/www.oceanum.es\/?page_id=421","og_locale":"es_ES","og_type":"article","og_title":"Superando barreras - Oceanum Diving Experiences","og_description":"Las personas con diversidad funcional no les impide que puedan bucear, pero necesitan instructores y gu\u00edas subacu\u00e1ticos competentes, compa\u00f1eros de buceo cualificados y personal de soporte en superficie. Tambi\u00e9n se requieren manuales, guiones, material, etc&#8230; y una organizaci\u00f3n como IAHD que de soporte a sus miembros. CONFINED WATER IAHD OPEN WATER IAHD ADVANCED IAHD DIVEPARTNER IAHD SURFACE SUPPORT IAHD ASSISTANT INSTRUCTOR IAHD INSTRUCTOR IAHD","og_url":"https:\/\/www.oceanum.es\/?page_id=421","og_site_name":"Oceanum Diving Experiences","article_publisher":"https:\/\/www.facebook.com\/OceanumDiving\/","article_modified_time":"2019-09-20T20:25:13+00:00","og_image":[{"url":"https:\/\/www.oceanum.es\/wp-content\/uploads\/2018\/06\/choni1-150x150.gif","type":"","width":"","height":""}],"twitter_card":"summary_large_image","twitter_site":"@OceanumDiving","schema":{"@context":"https:\/\/schema.org","@graph":[{"@type":"WebPage","@id":"https:\/\/www.oceanum.es\/?page_id=421","url":"https:\/\/www.oceanum.es\/?page_id=421","name":"Superando barreras - Oceanum Diving Experiences","isPartOf":{"@id":"https:\/\/www.oceanum.es\/#website"},"primaryImageOfPage":{"@id":"https:\/\/www.oceanum.es\/?page_id=421#primaryimage"},"image":{"@id":"https:\/\/www.oceanum.es\/?page_id=421#primaryimage"},"thumbnailUrl":"https:\/\/www.oceanum.es\/wp-content\/uploads\/2018\/06\/choni1-150x150.gif","datePublished":"2018-05-23T09:02:42+00:00","dateModified":"2019-09-20T20:25:13+00:00","breadcrumb":{"@id":"https:\/\/www.oceanum.es\/?page_id=421#breadcrumb"},"inLanguage":"es","potentialAction":[{"@type":"ReadAction","target":["https:\/\/www.oceanum.es\/?page_id=421"]}]},{"@type":"ImageObject","inLanguage":"es","@id":"https:\/\/www.oceanum.es\/?page_id=421#primaryimage","url":"https:\/\/www.oceanum.es\/wp-content\/uploads\/2018\/06\/choni1.gif","contentUrl":"https:\/\/www.oceanum.es\/wp-content\/uploads\/2018\/06\/choni1.gif","width":337,"height":304},{"@type":"BreadcrumbList","@id":"https:\/\/www.oceanum.es\/?page_id=421#breadcrumb","itemListElement":[{"@type":"ListItem","position":1,"name":"Portada","item":"https:\/\/www.oceanum.es\/"},{"@type":"ListItem","position":2,"name":"Superando barreras"}]},{"@type":"WebSite","@id":"https:\/\/www.oceanum.es\/#website","url":"https:\/\/www.oceanum.es\/","name":"Oceanum Diving Experiences","description":"Otra forma de Bucear","potentialAction":[{"@type":"SearchAction","target":{"@type":"EntryPoint","urlTemplate":"https:\/\/www.oceanum.es\/?s={search_term_string}"},"query-input":{"@type":"PropertyValueSpecification","valueRequired":true,"valueName":"search_term_string"}}],"inLanguage":"es"}]}},"amp_enabled":true,"_links":{"self":[{"href":"https:\/\/www.oceanum.es\/index.php?rest_route=\/wp\/v2\/pages\/421","targetHints":{"allow":["GET"]}}],"collection":[{"href":"https:\/\/www.oceanum.es\/index.php?rest_route=\/wp\/v2\/pages"}],"about":[{"href":"https:\/\/www.oceanum.es\/index.php?rest_route=\/wp\/v2\/types\/page"}],"author":[{"embeddable":true,"href":"https:\/\/www.oceanum.es\/index.php?rest_route=\/wp\/v2\/users\/1"}],"replies":[{"embeddable":true,"href":"https:\/\/www.oceanum.es\/index.php?rest_route=%2Fwp%2Fv2%2Fcomments&post=421"}],"version-history":[{"count":3,"href":"https:\/\/www.oceanum.es\/index.php?rest_route=\/wp\/v2\/pages\/421\/revisions"}],"predecessor-version":[{"id":1677,"href":"https:\/\/www.oceanum.es\/index.php?rest_route=\/wp\/v2\/pages\/421\/revisions\/1677"}],"wp:attachment":[{"href":"https:\/\/www.oceanum.es\/index.php?rest_route=%2Fwp%2Fv2%2Fmedia&parent=421"}],"curies":[{"name":"wp","href":"https:\/\/api.w.org\/{rel}","templated":true}]}}