{"id":1940,"date":"2022-08-16T19:27:46","date_gmt":"2022-08-16T18:27:46","guid":{"rendered":"https:\/\/www.oceanum.es\/?page_id=1940"},"modified":"2024-04-06T11:00:28","modified_gmt":"2024-04-06T10:00:28","slug":"pilar-martin","status":"publish","type":"page","link":"https:\/\/www.oceanum.es\/?page_id=1940","title":{"rendered":"Pilar MART\u00cdN"},"content":{"rendered":"\r\n<div style=\"text-align: left;\" align=\"right\">\u00a0<\/div>\r\n<ul>\r\n<li><span style=\"color: #333399;\"><strong>PADI Instructor<img decoding=\"async\" class=\"wp-image-1949  alignright\" src=\"https:\/\/www.oceanum.es\/wp-content\/uploads\/2022\/08\/Pilar.jpg\" alt=\"\" width=\"134\" height=\"167\" \/><\/strong><\/span><\/li>\r\n<li><span style=\"color: #333399;\"><strong>PADI Enriched Air Nitrox Instructor<\/strong><\/span><\/li>\r\n<li><span style=\"color: #333399;\"><strong>EFR Instructor<\/strong><\/span><\/li>\r\n<li><span style=\"color: #333399;\"><em><strong>IAHD Instructor<\/strong><\/em><\/span><\/li>\r\n<li><span style=\"color: #333399;\"><strong>Tec Gas Blender<\/strong><\/span><\/li>\r\n<li><span style=\"color: #333399;\"><strong>IANTD Intro to Cave Diver<\/strong><\/span><\/li>\r\n<\/ul>\r\n<p><em>Empec\u00e9 en el mundo subacu\u00e1tico hace 14 a\u00f1os, con intenci\u00f3n de superar miedos de infancia, y descubriendo un maravilloso mundo bajo el agua del que disfruto todo el tiempo que puedo. Durante todos estos a\u00f1os he ido acumulando experiencia, conocimientos de distintas fuentes y evolucionando en el buceo para disfrutar de distintos entornos y equipamientos, y as\u00ed poder ense\u00f1ar y concienciar sobre el incre\u00edble mundo de los oc\u00e9anos a otras personas,\u00a0 siempre con seguridad, diversi\u00f3n y respetando el medio ambiente.<\/em><\/p>\r\n<ul>TITULACIONES:<\/ul>\r\n<table border=\"0\" width=\"100%\" cellspacing=\"2\" cellpadding=\"0\">\r\n<tbody>\r\n<tr>\r\n<td rowspan=\"2\" valign=\"top\">\r\n<p><span style=\"color: #cf0808;\"><strong><img decoding=\"async\" class=\"alignnone  wp-image-2066\" src=\"https:\/\/www.oceanum.es\/wp-content\/uploads\/2024\/04\/logo-PADI-300x141.png\" alt=\"\" width=\"215\" height=\"101\" srcset=\"https:\/\/www.oceanum.es\/wp-content\/uploads\/2024\/04\/logo-PADI-300x141.png 300w, https:\/\/www.oceanum.es\/wp-content\/uploads\/2024\/04\/logo-PADI.png 328w\" sizes=\"(max-width: 215px) 100vw, 215px\" \/><\/strong><\/span><\/p>\r\n<p><span style=\"color: #cf0808;\"><strong>PADI Instructor<\/strong><\/span><\/p>\r\n<ul>\r\n<li>Enriched Air Nitrox Instructor<\/li>\r\n<li>Divemaster<\/li>\r\n<li>Dry Suit Diver<\/li>\r\n<li>Enriched Air Diver<\/li>\r\n<li>Tec gas Blender<\/li>\r\n<li>Tec basic<\/li>\r\n<\/ul>\r\n<p><strong><img decoding=\"async\" class=\"alignnone size-full wp-image-2067\" src=\"https:\/\/www.oceanum.es\/wp-content\/uploads\/2024\/04\/Logo_IAHD.png\" alt=\"\" width=\"263\" height=\"65\" \/> <\/strong><\/p>\r\n<p><strong><span style=\"color: #cf0808;\">IAHD Instructor<\/span><\/strong><\/p>\r\n<div><img decoding=\"async\" class=\"aligncenter\" src=\"http:\/\/tsunamidive.com\/CURSOSEFR\/imagesEFR\/0161_EFR_003.gif\" alt=\"\" height=\"100\" align=\"absmiddle\" \/><\/div>\r\n<div><span style=\"color: #cf0808;\"><strong>\u00a0EFR Instructor<\/strong><\/span><\/div>\r\n<ul>\r\n<li>Atenci\u00f3n Primaria (RCP)<\/li>\r\n<li>Atenci\u00f3n Secundaria (Primeros Auxilios)<\/li>\r\n<li>Atenci\u00f3n de Ni\u00f1os (Care for Children)<\/li>\r\n<\/ul>\r\n<\/td>\r\n<td valign=\"top\" height=\"859\"><img loading=\"lazy\" decoding=\"async\" class=\"wp-image-840 aligncenter\" src=\"https:\/\/www.oceanum.es\/wp-content\/uploads\/2018\/06\/iantdspain-logo-300x109.png\" alt=\"\" width=\"245\" height=\"89\" srcset=\"https:\/\/www.oceanum.es\/wp-content\/uploads\/2018\/06\/iantdspain-logo-300x109.png 300w, https:\/\/www.oceanum.es\/wp-content\/uploads\/2018\/06\/iantdspain-logo-600x219.png 600w, https:\/\/www.oceanum.es\/wp-content\/uploads\/2018\/06\/iantdspain-logo.png 700w\" sizes=\"(max-width: 245px) 100vw, 245px\" \/> <span style=\"color: #cf0808;\"><strong>IANTD Diver<\/strong><\/span>\r\n<ul>\r\n<li>Essentials of Diving Diver<\/li>\r\n<li>Open Water Sidemount Diver<\/li>\r\n<li>Cavern Diver<\/li>\r\n<li>DPV Diver<\/li>\r\n<li>Wreck Diver<\/li>\r\n<li>Intro to Cave<\/li>\r\n<\/ul>\r\n<span style=\"color: #cf0808;\"><strong>Otras Titulaciones:<\/strong><\/span>\r\n<ul>\r\n<li>Patr\u00f3n de Embarcaciones de Recreo con habilitaci\u00f3n profesional<\/li>\r\n<\/ul>\r\n<\/td>\r\n<\/tr>\r\n<tr>\r\n<td valign=\"top\" height=\"186\">\u00a0<\/td>\r\n<\/tr>\r\n<\/tbody>\r\n<\/table>\r\n","protected":false},"excerpt":{"rendered":"<p>\u00a0 PADI Instructor PADI Enriched Air Nitrox Instructor EFR Instructor IAHD Instructor Tec Gas Blender IANTD Intro to Cave Diver Empec\u00e9 en el mundo subacu\u00e1tico hace 14 a\u00f1os, con intenci\u00f3n de superar miedos de infancia, y descubriendo un maravilloso mundo bajo el agua del que disfruto todo el tiempo que puedo. Durante todos estos a\u00f1os he ido acumulando experiencia, conocimientos de distintas fuentes y evolucionando en el buceo para disfrutar<\/p>\n<p><a class=\"more-link\" href=\"https:\/\/www.oceanum.es\/?page_id=1940\">Leer m\u00e1s<\/a><\/p>\n","protected":false},"author":1,"featured_media":0,"parent":0,"menu_order":0,"comment_status":"closed","ping_status":"closed","template":"","meta":{"footnotes":""},"class_list":["post-1940","page","type-page","status-publish","hentry"],"yoast_head":"<title>Pilar MART\u00cdN - Oceanum Diving Experiences<\/title>\n<meta name=\"robots\" content=\"index, follow, max-snippet:-1, max-image-preview:large, max-video-preview:-1\" \/>\n<link rel=\"canonical\" href=\"https:\/\/www.oceanum.es\/?page_id=1940\" \/>\n<meta property=\"og:locale\" content=\"es_ES\" \/>\n<meta property=\"og:type\" content=\"article\" \/>\n<meta property=\"og:title\" content=\"Pilar MART\u00cdN - Oceanum Diving Experiences\" \/>\n<meta property=\"og:description\" content=\"\u00a0 PADI Instructor PADI Enriched Air Nitrox Instructor EFR Instructor IAHD Instructor Tec Gas Blender IANTD Intro to Cave Diver Empec\u00e9 en el mundo subacu\u00e1tico hace 14 a\u00f1os, con intenci\u00f3n de superar miedos de infancia, y descubriendo un maravilloso mundo bajo el agua del que disfruto todo el tiempo que puedo. Durante todos estos a\u00f1os he ido acumulando experiencia, conocimientos de distintas fuentes y evolucionando en el buceo para disfrutarLeer m\u00e1s\" \/>\n<meta property=\"og:url\" content=\"https:\/\/www.oceanum.es\/?page_id=1940\" \/>\n<meta property=\"og:site_name\" content=\"Oceanum Diving Experiences\" \/>\n<meta property=\"article:publisher\" content=\"https:\/\/www.facebook.com\/OceanumDiving\/\" \/>\n<meta property=\"article:modified_time\" content=\"2024-04-06T10:00:28+00:00\" \/>\n<meta property=\"og:image\" content=\"https:\/\/www.oceanum.es\/wp-content\/uploads\/2022\/08\/Pilar.jpg\" \/>\n<meta name=\"twitter:card\" content=\"summary_large_image\" \/>\n<meta name=\"twitter:site\" content=\"@OceanumDiving\" \/>\n<meta name=\"twitter:label1\" content=\"Tiempo de lectura\" \/>\n\t<meta name=\"twitter:data1\" content=\"2 minutos\" \/>\n<script type=\"application\/ld+json\" class=\"yoast-schema-graph\">{\"@context\":\"https:\\\/\\\/schema.org\",\"@graph\":[{\"@type\":\"WebPage\",\"@id\":\"https:\\\/\\\/www.oceanum.es\\\/?page_id=1940\",\"url\":\"https:\\\/\\\/www.oceanum.es\\\/?page_id=1940\",\"name\":\"Pilar MART\u00cdN - Oceanum Diving Experiences\",\"isPartOf\":{\"@id\":\"https:\\\/\\\/www.oceanum.es\\\/#website\"},\"primaryImageOfPage\":{\"@id\":\"https:\\\/\\\/www.oceanum.es\\\/?page_id=1940#primaryimage\"},\"image\":{\"@id\":\"https:\\\/\\\/www.oceanum.es\\\/?page_id=1940#primaryimage\"},\"thumbnailUrl\":\"https:\\\/\\\/www.oceanum.es\\\/wp-content\\\/uploads\\\/2022\\\/08\\\/Pilar.jpg\",\"datePublished\":\"2022-08-16T18:27:46+00:00\",\"dateModified\":\"2024-04-06T10:00:28+00:00\",\"breadcrumb\":{\"@id\":\"https:\\\/\\\/www.oceanum.es\\\/?page_id=1940#breadcrumb\"},\"inLanguage\":\"es\",\"potentialAction\":[{\"@type\":\"ReadAction\",\"target\":[\"https:\\\/\\\/www.oceanum.es\\\/?page_id=1940\"]}]},{\"@type\":\"ImageObject\",\"inLanguage\":\"es\",\"@id\":\"https:\\\/\\\/www.oceanum.es\\\/?page_id=1940#primaryimage\",\"url\":\"https:\\\/\\\/www.oceanum.es\\\/wp-content\\\/uploads\\\/2022\\\/08\\\/Pilar.jpg\",\"contentUrl\":\"https:\\\/\\\/www.oceanum.es\\\/wp-content\\\/uploads\\\/2022\\\/08\\\/Pilar.jpg\",\"width\":157,\"height\":196},{\"@type\":\"BreadcrumbList\",\"@id\":\"https:\\\/\\\/www.oceanum.es\\\/?page_id=1940#breadcrumb\",\"itemListElement\":[{\"@type\":\"ListItem\",\"position\":1,\"name\":\"Portada\",\"item\":\"https:\\\/\\\/www.oceanum.es\\\/\"},{\"@type\":\"ListItem\",\"position\":2,\"name\":\"Pilar MART\u00cdN\"}]},{\"@type\":\"WebSite\",\"@id\":\"https:\\\/\\\/www.oceanum.es\\\/#website\",\"url\":\"https:\\\/\\\/www.oceanum.es\\\/\",\"name\":\"Oceanum Diving Experiences\",\"description\":\"Otra forma de Bucear\",\"potentialAction\":[{\"@type\":\"SearchAction\",\"target\":{\"@type\":\"EntryPoint\",\"urlTemplate\":\"https:\\\/\\\/www.oceanum.es\\\/?s={search_term_string}\"},\"query-input\":{\"@type\":\"PropertyValueSpecification\",\"valueRequired\":true,\"valueName\":\"search_term_string\"}}],\"inLanguage\":\"es\"}]}<\/script>","yoast_head_json":{"title":"Pilar MART\u00cdN - Oceanum Diving Experiences","robots":{"index":"index","follow":"follow","max-snippet":"max-snippet:-1","max-image-preview":"max-image-preview:large","max-video-preview":"max-video-preview:-1"},"canonical":"https:\/\/www.oceanum.es\/?page_id=1940","og_locale":"es_ES","og_type":"article","og_title":"Pilar MART\u00cdN - Oceanum Diving Experiences","og_description":"\u00a0 PADI Instructor PADI Enriched Air Nitrox Instructor EFR Instructor IAHD Instructor Tec Gas Blender IANTD Intro to Cave Diver Empec\u00e9 en el mundo subacu\u00e1tico hace 14 a\u00f1os, con intenci\u00f3n de superar miedos de infancia, y descubriendo un maravilloso mundo bajo el agua del que disfruto todo el tiempo que puedo. Durante todos estos a\u00f1os he ido acumulando experiencia, conocimientos de distintas fuentes y evolucionando en el buceo para disfrutarLeer m\u00e1s","og_url":"https:\/\/www.oceanum.es\/?page_id=1940","og_site_name":"Oceanum Diving Experiences","article_publisher":"https:\/\/www.facebook.com\/OceanumDiving\/","article_modified_time":"2024-04-06T10:00:28+00:00","og_image":[{"url":"https:\/\/www.oceanum.es\/wp-content\/uploads\/2022\/08\/Pilar.jpg","type":"","width":"","height":""}],"twitter_card":"summary_large_image","twitter_site":"@OceanumDiving","twitter_misc":{"Tiempo de lectura":"2 minutos"},"schema":{"@context":"https:\/\/schema.org","@graph":[{"@type":"WebPage","@id":"https:\/\/www.oceanum.es\/?page_id=1940","url":"https:\/\/www.oceanum.es\/?page_id=1940","name":"Pilar MART\u00cdN - Oceanum Diving Experiences","isPartOf":{"@id":"https:\/\/www.oceanum.es\/#website"},"primaryImageOfPage":{"@id":"https:\/\/www.oceanum.es\/?page_id=1940#primaryimage"},"image":{"@id":"https:\/\/www.oceanum.es\/?page_id=1940#primaryimage"},"thumbnailUrl":"https:\/\/www.oceanum.es\/wp-content\/uploads\/2022\/08\/Pilar.jpg","datePublished":"2022-08-16T18:27:46+00:00","dateModified":"2024-04-06T10:00:28+00:00","breadcrumb":{"@id":"https:\/\/www.oceanum.es\/?page_id=1940#breadcrumb"},"inLanguage":"es","potentialAction":[{"@type":"ReadAction","target":["https:\/\/www.oceanum.es\/?page_id=1940"]}]},{"@type":"ImageObject","inLanguage":"es","@id":"https:\/\/www.oceanum.es\/?page_id=1940#primaryimage","url":"https:\/\/www.oceanum.es\/wp-content\/uploads\/2022\/08\/Pilar.jpg","contentUrl":"https:\/\/www.oceanum.es\/wp-content\/uploads\/2022\/08\/Pilar.jpg","width":157,"height":196},{"@type":"BreadcrumbList","@id":"https:\/\/www.oceanum.es\/?page_id=1940#breadcrumb","itemListElement":[{"@type":"ListItem","position":1,"name":"Portada","item":"https:\/\/www.oceanum.es\/"},{"@type":"ListItem","position":2,"name":"Pilar MART\u00cdN"}]},{"@type":"WebSite","@id":"https:\/\/www.oceanum.es\/#website","url":"https:\/\/www.oceanum.es\/","name":"Oceanum Diving Experiences","description":"Otra forma de Bucear","potentialAction":[{"@type":"SearchAction","target":{"@type":"EntryPoint","urlTemplate":"https:\/\/www.oceanum.es\/?s={search_term_string}"},"query-input":{"@type":"PropertyValueSpecification","valueRequired":true,"valueName":"search_term_string"}}],"inLanguage":"es"}]}},"amp_enabled":true,"_links":{"self":[{"href":"https:\/\/www.oceanum.es\/index.php?rest_route=\/wp\/v2\/pages\/1940","targetHints":{"allow":["GET"]}}],"collection":[{"href":"https:\/\/www.oceanum.es\/index.php?rest_route=\/wp\/v2\/pages"}],"about":[{"href":"https:\/\/www.oceanum.es\/index.php?rest_route=\/wp\/v2\/types\/page"}],"author":[{"embeddable":true,"href":"https:\/\/www.oceanum.es\/index.php?rest_route=\/wp\/v2\/users\/1"}],"replies":[{"embeddable":true,"href":"https:\/\/www.oceanum.es\/index.php?rest_route=%2Fwp%2Fv2%2Fcomments&post=1940"}],"version-history":[{"count":6,"href":"https:\/\/www.oceanum.es\/index.php?rest_route=\/wp\/v2\/pages\/1940\/revisions"}],"predecessor-version":[{"id":2070,"href":"https:\/\/www.oceanum.es\/index.php?rest_route=\/wp\/v2\/pages\/1940\/revisions\/2070"}],"wp:attachment":[{"href":"https:\/\/www.oceanum.es\/index.php?rest_route=%2Fwp%2Fv2%2Fmedia&parent=1940"}],"curies":[{"name":"wp","href":"https:\/\/api.w.org\/{rel}","templated":true}]}}